n x is divided by 14.
8
Let w = -36 - -68. Suppose -4*j - 3*m = -7 - 67, 8 = 4*m. Calculate the remainder when w is divided by j.
15
Suppose f + 2*f = 6. What is the remainder when 31 is divided by (1 + 35)/f + -2?
15
Let k(w) = w - 2. Let v(b) = -b - 3. Let z be v(-7). What is the remainder when (1 - -1)*z/2 is divided by k(4)?
0
Let y be 3*(0 - (-1 + 0)). Calculate the remainder when (-47 - 1)*y/(-6) is divided by 13.
11
Let l = -3 - 1. Suppose 3*x = 3*m - 8 - 34, -3*x = -4*m + 53. Calculate the remainder when l/3*(-23 + -1) is divided by m.
10
Suppose -s - 2*c + 16 = 0, -76 = -s - 3*s - 2*c. Let r(i) = i**3 + i**2 + 38. What is the remainder when r(0) is divided by s?
18
Calculate the remainder when ((-4)/(-10))/((-5)/(-700)) is divided by 19.
18
Suppose 2*s = 3*s - 5. Suppose s*k - 4*k = 22. Calculate the remainder when 86 is divided by k.
20
Suppose 0 = 4*h - 231 + 95. Calculate the remainder when h is divided by 9.
7
Calculate the remainder when 102 is divided by ((80/(-24))/5)/((-4)/126).
18
Let t(h) = -10*h**3 + 3*h**2 + 6*h + 6. Let v be t(-4). Suppose 0 = -2*r - 0 + 6. What is the remainder when v/130 + (-4)/26 is divided by r?
2
Suppose -4*r = -r - 12. Suppose 5*q + 26 - 69 = -r*f, -2*q + 19 = f. Let u = 21 - q. Calculate the remainder when u is divided by 6.
4
Suppose 5*p + 0*u = 3*u - 5, 5*p + 5 = 5*u. Calculate the remainder when 19 is divided by (-1 - p) + 1 + 6.
5
Suppose -5*p + 30 = 2*l - 338, -5*p + 4*l = -374. What is the remainder when p is divided by 14?
4
Suppose -15*j = -282 - 243. Calculate the remainder when 207 is divided by j.
32
Suppose 3*x - 20 = 58. Let o be 3*2/4*x. Suppose z + 2*z - o = 0. What is the remainder when 25 is divided by z?
12
Let i = 75 - 273. What is the remainder when 41 is divided by ((-3)/9)/(3/i)?
19
Suppose -z + 80 = 18. Calculate the remainder when z is divided by 21.
20
What is the remainder when 122 is divided by 170/4 - (-2)/(-4)?
38
Let x = 7 - 7. Suppose 0*g + 2*g - 4 = x. Suppose -5*m = -m - g*q - 110, -3*q + 95 = 4*m. What is the remainder when m is divided by 9?
8
Let i = 12 - 12. Let d = 0 + 4. Suppose -t + 2 + d = i. Calculate the remainder when 16 is divided by t.
4
Let d(b) = -b**3 + 17*b**2 - 16*b + 15. What is the remainder when d(16) is divided by 2/(-7) + 116/14?
7
Suppose 0 = k - 176 + 5. Calculate the remainder when k is divided by 44.
39
Suppose u = 5*u - 52. Let b = 23 - u. Calculate the remainder when 25 is divided by (-50)/(-4) + 5/b.
12
Let n = -15 - -19. Calculate the remainder when n is divided by 1.
0
Suppose -22*f = -18*f - 136. Calculate the remainder when 101 is divided by f.
33
What is the remainder when 3 is divided by (8 - (1 + 2)) + -2?
0
Let t(w) = -7*w + 3. Let n be t(4). Let i be n*(1 + -3)/2. Suppose -5*x + i = -20. Calculate the remainder when x is divided by 4.
1
Let a = -23 + 37. What is the remainder when 69 is divided by a?
13
Let o(b) = -b**3 - 6*b**2 + 8. Let w = -4 + 7. What is the remainder when o(-6) is divided by w?
2
Let v(r) be the third derivative of r**8/672 - r**4/8 + 2*r**2. Let n(a) be the second derivative of v(a). Calculate the remainder when n(1) is divided by 6.
4
Suppose -2*g + w + 1 = -5, g - 3*w = 8. Suppose 6*o - 84 = g*o. Let d = -3 - -14. What is the remainder when o is divided by d?
10
Suppose 4*m = -8, -2*m + 0*m - 199 = -5*n. Suppose 2*x + 14 = -5*c + 79, -x = -3*c + n. What is the remainder when 24 is divided by c?
11
Let c = 14 + 28. Calculate the remainder when c is divided by 11.
9
Let f = -9 + 29. What is the remainder when 78 is divided by f?
18
Calculate the remainder when 3 + 0 - (-12 + -14) is divided by 8.
5
Let g = -21 - 10. Let y = -13 - g. Calculate the remainder when y is divided by 10.
8
Suppose 0 = -4*g + 8 + 24. Let k(r) = r - 7. Let x be k(g). Calculate the remainder when 8 is divided by 5/(-1)*x/(-1).
3
Let a = 8 - 6. Suppose -3*s = 3*i - 72, -3*i - 3*s - a*s + 80 = 0. What is the remainder when i is divided by 7?
6
Let j(s) = -s + 8. Let z be j(8). Calculate the remainder when 5 is divided by (2 - 1) + z + 2.
2
Let l(m) = -4*m - 4. Let o be l(4). Let q = -13 - o. Suppose -2*x - 25 = -q*x. What is the remainder when x is divided by 2?
1
Let t be (0 - -261)/(6/(-4)). Let x = -121 - t. Let s(h) = -2*h + 4. Calculate the remainder when x is divided by s(-7).
17
Let l(x) = -x**3 + x - 4. Let h be (-46)/(-10) + 4/10. Let j = h + 6. Calculate the remainder when l(-3) is divided by j.
9
Let u be -2*2/(-4) + -8. Let g = u + 12. Let x(b) = -b**3 + 7*b**2 - 4*b - 5. Calculate the remainder when x(g) is divided by 9.
7
Suppose -2*z - 95 = -z. Let o = z - -158. Let f = -20 + o. Calculate the remainder when f is divided by 15.
13
Let d be 4/(-10)*(-2 - -7). What is the remainder when 64 is divided by (-11)/(d/(-4) - 1)?
20
Let z(o) = o**3 + 5*o**2 + 5*o + 4. Let f be z(-4). Suppose -v = 3*r - f*v - 57, 0 = 5*r - v - 103. Calculate the remainder when 38 is divided by r.
18
Let v = 176 + 7. What is the remainder when v is divided by 37?
35
Let l = 2 + 3. Suppose -l*b + 78 = 4*o, 5*o - 3*b - 38 = 41. What is the remainder when 32 is divided by o?
15
Calculate the remainder when 231/35 - 7 - 794/(-10) is divided by 29.
21
Suppose -10*d + 35 + 105 = 0. Calculate the remainder when 67 is divided by d.
11
What is the remainder when 3 is divided by (0 - 5) + (-60)/(-10)?
0
Let b(w) = 2*w + 4. Let g(k) = -6*k - 11. Let o(n) = -8*b(n) - 3*g(n). What is the remainder when 28 is divided by o(7)?
13
Calculate the remainder when 130 is divided by 6/(-14) - 3672/(-189).
16
Suppose 0 = -h - 3 + 5, 5*b - 14 = -2*h. Let z(j) = -19*j - 1. Let o be z(b). Let m = -20 - o. What is the remainder when 56 is divided by m?
18
Let p = -4 - -6. Suppose -3*q = -n + 7 + 11, p*q = 4*n - 52. Let f = n - 6. What is the remainder when 21 is divided by f?
3
Let t(y) = y**3 + 7*y**2 - 5*y + 17. Let v(z) = -z**3 - 9*z**2 + 7*z - 12. What is the remainder when t(-7) is divided by v(-10)?
16
Suppose 6*h + 46 = 322. Calculate the remainder when h is divided by 8.
6
Let w be 2/9 + 110/(-9). Let p = -7 - w. Suppose p*g - 69 = -2*k, 3*k + 0*k = -g + 123. What is the remainder when k is divided by 11?
9
What is the remainder when (1*126)/2 - 3 is divided by 17?
9
Suppose j - 21 = -2*t, -133 = -3*j - 2*j - 3*t. Suppose -c + b + 207 = 0, 5*b + 1 - 202 = -c. Calculate the remainder when j is divided by (-4)/(-14) + c/14.
14
Suppose 2*d + 4*l - 14 = -0*d, 0 = -d + 3*l + 17. What is the remainder when 32 is divided by d?
10
Let m(w) = -6*w + 3. Let b be m(-5). Suppose -5*s - c - 145 = -9*s, s = -3*c + b. Calculate the remainder when s is divided by 19.
17
Let i = 1 + 57. Calculate the remainder when i is divided by 3.
1
Let v = 2 - -9. What is the remainder when 15/6*(0 + -4 + 16) is divided by v?
8
Suppose 0*d = -5*j + 2*d + 251, d + 150 = 3*j. What is the remainder when j is divided by 13?
10
Let s(p) = -4*p**3 - 5*p**2 - 2*p + 4. Calculate the remainder when s(-2) is divided by 7.
6
Let j(q) = 3*q**2 - 8*q + 11. Suppose 3 = 3*a - k - 9, -a + 4 = -5*k. Suppose a*s + s - 25 = 0. What is the remainder when j(3) is divided by s?
4
Suppose 20*v - 19*v - 18 = 0. Let r = 81 - v. Calculate the remainder when r is divided by 13.
11
Suppose 3*k - b = 22, 5*b + 0 = -5*k + 10. Calculate the remainder when (5 - (-232)/20) + (-4)/(-10) is divided by k.
5
Suppose 3*y = 2*s + 138, -5*y + y + 179 = -s. Calculate the remainder when y is divided by 15.
14
Let r(d) = -d**2 + 3*d**2 + 48*d**3 - d - 13*d**3. Calculate the remainder when r(1) is divided by 19.
17
Let d = 150 - 104. What is the remainder when d is divided by 12?
10
Suppose -l + 3 = -35. What is the remainder when 74 is divided by l?
36
Let h(y) = -y**2 - 17*y - 18. Calculate the remainder when h(-10) is divided by 7.
3
What is the remainder when (-4)/(-34) + (-1848)/(-187) is divided by 7?
3
Let w(m) = -7*m - 5. Let t be w(5). Let d = -23 - t. What is the remainder when 66 is divided by d?
15
Suppose -81 = 5*b - 5*g + 4, -4*b = -2*g + 60. Let m = b - -32. Let j = 12 - 2. What is the remainder when m is divided by j?
9
Suppose -w = -3*m + 34, -5*m + 2*w + 27 = -31. Let n = 78 + -50. What is the remainder when n is divided by m?
8
Suppose -4*c - 2*a - 10 = -6*c, 5*a + 13 = 2*c. Calculate the remainder when 10 is divide